git of f(3)?
1
Suppose -26*f = -355832 - 1184556 - 239234. What is the ten thousands digit of f?
6
Let m(u) = -77*u - 4. Let l be m(-6). Let o = 40 + l. What is the units digit of o?
8
Suppose 5*y - 20639 = 3*x, 0 = -7*y + 2*y + 4*x + 20642. What is the hundreds digit of y?
1
Let v(g) = -831*g - 334. What is the units digit of v(-9)?
5
Let x(j) = 5*j**3 + 5*j**2 + 9*j - 34. Let c(m) = m**3 - 2*m**2. Let h(g) = 6*c(g) - x(g). What is the hundreds digit of h(18)?
1
Let s(t) = -14*t + 4*t**2 + 113 + 5*t**2 + 2*t**3 - 106 - 3*t**3. Let p be s(7). Suppose 0 = 14*v - p*v - 252. What is the units digit of v?
6
Let m(k) = -59*k - 10. Let r be m(-11). Suppose -3*p - 3*i = r - 1626, -2*p = 4*i - 668. What is the tens digit of p?
2
Suppose 2*v - 4*g = 2240 - 544, 20 = 5*g. Suppose 2*k + v = 10*k. What is the hundreds digit of k?
1
Suppose -11 = -0*q - 5*q + 4*m, 0 = -q + 4*m - 1. What is the units digit of (-6324)/(-66) + 4*q/66?
6
What is the units digit of 5296/(5 - 3) + (0 - 56/14)?
4
Let q(j) = 14279*j + 1257. What is the tens digit of q(2)?
1
Let t = -22 + 28. Suppose -t*y = -2*y. Suppose y = -5*j + 2 + 3, j + 1 = m. What is the units digit of m?
2
Suppose -4*r - 3*v + 24655 = -48269, -r + 18205 = 4*v. What is the units digit of r?
7
Let r(f) = -2456*f - 13582. What is the ten thousands digit of r(-25)?
4
Let x(k) = 221*k + 12506. What is the units digit of x(89)?
5
Let y(m) be the second derivative of -2*m**2 - 79/3*m**3 - 9*m + 0. What is the units digit of y(-1)?
4
Suppose 2*u - a - 1516 = 464, 980 = u + 2*a. What is the units digit of u?
8
Suppose 4*m + 223 + 505 = 0. What is the tens digit of (m/13 - -10) + 2*541?
7
Let f be (1 + 0 + (-2)/3)*0. Let m be f + 6 + (-5 - -1). What is the hundreds digit of (693/55)/(m/20)?
1
Suppose -k + 2471 = -2*i, 2*k - 16*i + 11*i - 4946 = 0. What is the tens digit of k?
6
Let w = 882 - -1585. What is the thousands digit of w?
2
Let g = 15056 - 11833. What is the hundreds digit of g?
2
Suppose -12*o + r + 1959 = -14*o, -3*r = -4*o - 3903. Let f = o + 1639. What is the hundreds digit of f?
6
Suppose 0 = 2*q + 9 - 3, 2*q = -2*k - 14. Let b(r) be the first derivative of 4*r**3/3 + 9*r**2/2 + 12*r - 328. What is the units digit of b(k)?
0
Let m(h) = -h - 26. Let n be m(-26). Suppose n = -4*y + 3*s - 633, -y - s = -4*y - 481. Let g = 308 + y. What is the units digit of g?
6
Let b be ((-3834)/(-10))/((-22)/110). Let j = b - -3334. What is the hundreds digit of j?
4
Suppose -2*a + 5 = 3. Let p(h) = -2*h + 7. Let z be p(a). Suppose -b = -0*n + 2*n - 200, 286 = 3*n + z*b. What is the hundreds digit of n?
1
Let t = 18668 - 5340. What is the ten thousands digit of t?
1
Let l(n) be the second derivative of -149*n**5/5 + n**4/12 - 2*n**3/3 - 2*n**2 - 70*n. What is the hundreds digit of l(-1)?
5
Let p = 73 + -69. Suppose p*i - 46 + 2 = 0. What is the tens digit of (i/2)/((-3)/(-78))?
4
Suppose -5*p + 43*q + 54240 = 38*q, 0 = 5*q - 10. What is the units digit of p?
0
Let y = -133 + 131. Let l be 1 - y/(-4 - -5). Suppose l*u + 38 = 527. What is the hundreds digit of u?
1
Let a(z) = z**2 + 2*z + 5. Let q be a(-3). Suppose 0 = -q*x + 107 + 3069. What is the tens digit of x?
9
Let i(m) = -6 - m - 11*m + 4*m + 0*m. Let n be i(-2). What is the tens digit of (2 + 69/(-4))*(-40)/n?
6
Suppose -z = -7*z - 5*z. What is the hundreds digit of (324 - 17) + (z/(-2) - 1)?
3
Let k be 1910/6 + 20/30. Let s = -185 + k. What is the hundreds digit of s?
1
Let i(p) = -5*p - 4. Let s = -41 - -24. Let d be i(s). Suppose 0*m - c = 5*m - 135, 2*c = 3*m - d. What is the units digit of m?
7
What is the units digit of ((0 - -559) + 0)*(-565 - -582)?
3
Suppose 0 = 870*v - 633*v - 12738513. What is the hundreds digit of v?
7
What is the hundreds digit of (-4)/(-6) - 125015/33*-1?
7
Suppose -2*z = -12 + 40. Let i = 18 + z. Suppose 0 = -5*b - 15, -204 = -2*m + i*b + 10. What is the tens digit of m?
0
Let i(w) = -91*w - 7. Let x be i(-10). Suppose -3*r + x = -831. Suppose -r - 42 = -10*y. What is the tens digit of y?
6
Let s be 17/(-102) + (-167)/6. Suppose -t + 3*j - 26 = -0*j, 4*j + 54 = -5*t. Let r = t - s. What is the units digit of r?
4
Suppose 4*g = 3*p - 6116, p + p - 4077 = 3*g. Let n = p + -1401. What is the units digit of n?
9
Let g be 17100/52 - 4/(-26). Suppose 3*k = 2*t - g, 339 = 2*t - 3*k + 2*k. Suppose -366 = -5*u - 2*s, 5*u - t = 2*s + 202. What is the units digit of u?
4
Suppose -27*t + 26*t + 2465 = 0. Suppose 3*j + 22*c - 20*c = 1850, 4*j - t = -c. What is the units digit of j?
6
Suppose 0 = -82*u + 75*u + 8771. Suppose 0 = 1247*l - u*l + 7368. What is the thousands digit of l?
1
Let m = 36221 + -10857. What is the tens digit of m?
6
Let k(w) = 7*w**2 - 11*w - 63. Suppose -4*s + 3*y = 68, -52*s = -57*s - 4*y - 54. What is the hundreds digit of k(s)?
4
Let u be -12 - -10 - (0 - 9). Let y be (u + -3)/(-4) + 1218/2. Let m = -423 + y. What is the units digit of m?
5
Suppose -5*o + 4*h - 2 = 6*h, 0 = -4*o - 3*h - 3. Suppose 0 = -o*i - i + 837. What is the hundreds digit of i?
8
Let w = -127 + 124. What is the tens digit of 119/(w*(-5)/75)?
9
Let a be (9/6)/((-1)/(-14)). Let l(s) = -13 - 13*s - 11 - a*s + 9*s. What is the units digit of l(-5)?
1
Let n(o) = -2*o**3 - o**2 + o - 30. Let q be 3 - 6/(-7)*28/(-3). What is the units digit of n(q)?
0
Let x = 662 - -4568. What is the units digit of x?
0
Let n = 16359 - 9468. What is the thousands digit of n?
6
Suppose -18*o - 60 = -3*o. What is the units digit of o + 17/((-136)/(-6448))?
2
Suppose -3*h - 1443856 = -54*h - 113*h. What is the units digit of h?
4
What is the units digit of (-3)/(((-18)/8)/(-50367*8/(-16)))?
8
Let j(m) = -2*m**3 - 3*m**2 + 3*m + 1. Let p be j(-2). What is the units digit of (-8415)/(-20) + p/((-8)/(-6))?
0
Suppose 0*u - 4*g + 11286 = 2*u, -4*u + 3*g + 22517 = 0. What is the tens digit of u?
3
